s the value of 47 + -64 - (-9 - 0)?
-8
What is 2 - (1 + 2) - (20 + -17)?
-4
What is 1 + -3 + 1 + 1 + 3?
3
Calculate 5 - (0 + 21) - -9.
-7
Calculate (-23 - -16) + (7 - -2) + 2.
4
Calculate 8 + (-8 - -2) + -1 + 2.
3
Calculate 210 + -205 + -1 + -2.
2
What is the value of (64 - 71) + (1 - -1)?
-5
What is (0 - -2 - 2) + (10 - 15)?
-5
What is the value of 5 - (0 + 2 + 2 - 1)?
2
What is the value of (7 - (-3 + 6 + 10)) + 1?
-5
0 + (2 + -5 - -4)
1
What is the value of -1 + -4 + 1 + -1 + 6?
1
-7 + 1 + -2 - -4
-4
What is -10 + (-9 - (-1 + -12))?
-6
Calculate 0 + 0 - (2 - -3).
-5
Calculate -10 - (17 + -15 - (0 + 7)).
-5
0 - (4 - 1) - 2
-5
Evaluate (1 - (5 - (-3 + 3))) + 1.
-3
What is -6 - (-5 + 0) - -1?
0
What is 0 + -2 - (-9 - -2)?
5
What is (-6 - (-1 + (0 - 6))) + 2?
3
Evaluate -3 + (-18 + 14 - -14).
7
-1 - (-6 + 11 - 1)
-5
0 - (1 + -8 + 9 + -4)
2
Calculate -14 + (8 - 8) + 8.
-6
3 - ((-3 - -2) + -1 + 5)
0
-51 + 57 - (4 + -2 - -2)
2
What is (-12 - -9) + 0 + 3 + 1?
1
What is -10 + 13 - (4 + 1 + 1)?
-3
What is -6 - -3 - -4 - (-2 + -4)?
7
What is the value of -1 + (7 - (1 - 1)) - 1?
5
Evaluate -3 + (-4 - -8 - 6).
-5
Evaluate -8 - (9 + -21 + 8).
-4
Calculate 3 + 2 + (-10 - -3).
-2
-7 - -1 - (-17 + 0 - -10)
1
1 + -3 - (-4 - (4 - 8))
-2
Evaluate -19 + 13 + -3 + 1.
-8
What is -3 + -2 + 1 + 6 + 1?
3
What is the value of (-8 - -18 - 4) + -6?
0
Calculate (-1 - (4 + 0)) + 10.
5
What is (-7 - 2) + 0 + 2?
-7
What is the value of -2 + (-5 + 4 - -7) + -6?
-2
Calculate (4 - (13 + -8)) + -5.
-6
Calculate 1 + -5 + (0 - -1) + 1.
-2
What is (1 - -1) + (2 - (3 + -1))?
2
What is 5 - (1 + 5 + -11 + 10)?
0
Calculate -8 + -7 + 12 + -2.
-5
What is the value of 11 - (12 + -3) - (-1 + -2)?
5
What is the value of -122 - -131 - (5 + 1)?
3
What is the value of -5 + -3 + (4 - 5) - -5?
-4
Calculate -3 - -11 - (-1 - -13).
-4
What is 21 + -19 - (-1 - (-1 + 2))?
4
-12 + 1 + 17 + -11
-5
Evaluate -35 - -31 - (-9 + 0).
5
Calculate -7 - ((7 - 5) + -4) - -3.
-2
What is the value of -11 + 3 + -2 + -5 + 8?
-7
What is the value of (-6 - -9) + -8 + (-3 - -4)?
-4
-14 - (-10 - -5) - -5
-4
Calculate 6 - (4 - (0 - -2)).
4
What is -18 - -10 - (-2 + 1)?
-7
-18 + -5 + 14 + 16
7
What is the value of -6 + (-2 + 6 - -1)?
-1
Evaluate 0 - (-2 + -1) - (4 - -2).
-3
Calculate -1 - (0 + (-2 - 2) + 2).
1
-3 + (0 - -4 - (-5 + 2))
4
Calculate 5 - (-5 - (4 - 9)) - 1.
4
(-2 - (-1 - (-1 - 4))) + 4
-2
Calculate -4 - (7 + -12 - 0).
1
1 - (-8 + 8 + 2)
-1
Evaluate (5 - 4 - -4) + 6 - 5.
6
Evaluate -3 + 32 + -24 + (2 - -1).
8
Evaluate -11 + -7 + (15 - 2).
-5
Evaluate (6 - (0 - -1)) + (1 - 1).
5
Evaluate 4 + 6 + -4 + -3.
3
(-6 - 5 - -7) + (8 - -1)
5
Calculate -9 + (1 - -4) + -5 - -5.
-4
Evaluate -1 - (1 + 0) - (3 + -4).
-1
Calculate 2 - (4 + (-8 - (-4 + 4))).
6
Calculate 1 + (-6 - -10) + -11.
-6
Evaluate 4 + 6 + 3 + -7.
6
-1 - -3 - (-11 + 9)
4
Evaluate 0 + (-6 - (-3 - 5)).
2
Evaluate -6 - -2 - (121 - 118).
-7
0 + (-3 - (-4 - (-7 + 4)))
-2
Evaluate 31 - 27 - (2 - -5).
-3
-14 + 23 - (3 + 1)
5
Evaluate -3 - (2 + (1 - 10)).
4
What is the value of (1 - (5 - 0)) + 2 + -8?
-10
Evaluate (78 - 75) + (-9 - 0) - -6.
0
What is (135 - 134) + (-9 - 1)?
-9
What is the value of 6 + -1 + -2 + 5 - 18?
-10
-9 + 1 - (-2 - 1)
-5
Evaluate 5 - 5 - 4 - 0.
-4
What is -8 + 1 + 5 - -1?
-1
Calculate (-2 - ((-7 - -10) + 3)) + 2.
-6
Calculate -6 + (20 - (0 + 2)) + -6.
6
-11 - ((-7 - 7) + 10)
-7
What is -2 + -2 - -1 - 0?
-3
What is the value of (1 - (4 - 6)) + -3 + 2?
2
What is -8 - (5 + 5 - 23)?
5
Calculate -8 + 2 + 0 + (6 - 4).
-4
-4 + 5 - (2 + 4)
-5
3 + (-5 - -1) + 4
3
What is -4 + (5 - 3 - -3)?
1
Calculate 2 - ((-16 - -17) + 2 + -1).
0
-12 - (52 - 53 - (0 - -3))
-8
-4 + (0 - (5 - (6 - 4)))
-7
What is 22 + -28 - (0 - (0 - 4))?
-10
Calculate -2 + -1 - (-8 + 6) - -3.
2
Calculate 1 + -3 + 8 + -10.
-4
Calculate 4 + 0 + -3 + -4.
-3
What is the value of -1 + 7 + -21 + 12?
-3
What is 0 + -6 + 2 + -1?
-5
7 + -1 - (-1 + 3)
4
0 - (-8 + 6 - 2)
4
What is 8 + -11 + (0 - -6) + 0?
3
What is 7 - (-5 + 12 + -4)?
4
Calculate -4 + 5 + 2 + 1.
4
2 + 5 + -6 + 3
4
2 - 0 - (-8 + 7)
3
Calculate (-4 + 0 + -1 - 1) + 4.
-2
6 + -13 + (6 - 3)
-4
What is 3 + (-3 + 2 - (-1 + 1))?
2
0 + 1 + (-26 - -28) + 4
7
What is the value of 2 - (0 + 3) - -6?
5
Calculate -25 + 15 + -10 - -15.
-5
What is the value of 6 + (2 - (1 + 18 + -5))?
-6
-9 + (5 - 6) + 5
-5
Calculate 0 - (8 + 3 - 21).
10
Calculate (-4 - (-14 - -6)) + (-1 - 11).
-8
What is the value of -3 + (-11 + 8 - (-2 + -1))?
-3
What is the value of 0 + 0 + (-1 - (1 + -1))?
-1
4 + 6 + -17 + 9 + -1
1
What is the value of -1 - (-9 + -1 - -5)?
4
Calculate (15 + -14 - 18) + 7.
-10
What is the value of -9 + (6 - -9) + -2?
4
What is 5 + 8 + -3 + -6?
4
What is -9 + 3 - (-5 - -4)?
-5
Calculate -6 - (6 - 9) - -16 - 5.
8
(3 - (9 - 0)) + 12
6
Evaluate 3 - 7 - -1 - (-2 + 4).
-5
What is (1 + 1 - 1) + (3 - 6)?
-2
What is the value of 5 - (-4 + (12 - 2))?
-1
Calculate -108 - -113 - ((0 - -5) + -1).
1
Evaluate 1 - (-19 - -17 - (1 + 0)).
4
What is -5 + (7 - 1 - -2)?
3
Evaluate 2 + (2 - (4 + -4)) - 1.
3
Evaluate (0 - (4 + -6)) + -6.
-4
What is 10 + -5 + -7 + 0 + 7?
5
What is -8 + 9 - (1 + -5)?
5
Calculate (0 - 6) + (-5 - -9).
-2
What is the value of 6 + (12 - 9) - (1 - -2)?
6
Calculate -4 + 0 - (-4 - (-4 - -2)).
-2
Calculate 1 + 1 - (1 + (-2 - -2)).
1
Evaluate 2 - -2 - (5 - -2).
-3
Evaluate 1 + 5 + -10 - (-11 + 2).
5
Calculate (0 - (2 + (2 - 2))) + 1.
-1
What is -1 + 4 - (-10 - -12)?
1
What is (-4 - (2 + -8)) + 0 - -2?
4
What is the value of -2 + (0 - -3 - (2 + -1))?
0
Evaluate -2 + 1 + (-1 - (-4 - 3)).
5
7 - ((-9 - -7) + 18)
-9
What is the value of 4 + -5 - -2 - 4?
-3
Calculate -3 + (1 - 2) + 3 - 2.
-3
Evaluate -4 + 0 + -2 - (-1 - 0).
-5
Calculate 2 + -3 - -1 - -11.
11
What is -3 + -4 + (9 - 6)?
-4
Calculate 2 + 2 + -7 + -4 + 6.
-1
Evaluate 7 - (8 + (-6 - -2)).
3
Calculate -1 - (4 + -2 + 1 + -2).
-2
What is the value of -1 - -1 - (4 + 1)?
-5
Calculate -1 + -1 + 6 - 6.
-2
Calculate -2 + 3 - -2 - 0 - 1.
2
Evaluate 2 - (-6 + (18 - 9)).
-1
Evaluate -7 - (3 + -2 + (-7 - -5)).
-6
Evaluate (-8 + -6 - -7) + 1.
-6
What is the value of -1 + -1 + (7 - 9 - -6)?
2
Calculate -7 + (-2 - 3) + 11.
-1
Evaluate (2 - (-4 - -7)) + 4.
3
Calculate 0 - -1 - ((-1 - 0) + 3).
-1
Calculate -3 - (-1 - (-1 - (1 + -1))).
-3
-14 + 15 + (-1 - 0) + -5
-5
What is 21 + (26 - 51) + 0 + -6?
-10
Evaluate 2 - 2 - (9 + -4 - 0).
-5
What is the value of -3 - -1 - (5 + 36 + -32)?
-11
What is the value of (-1 - 5) + -2 + 2 - -7?
1
0 - -5 - 3 - (1 + -4)
5
What is the value of 19 - 9 - (2 - -6)?
2
Evaluate -5 + -6 + (4 - -1) + -1.
-7
-10 + 7 + (-5 - -1 - -4)
-3
10 + 0 + (-23 - -8)
-5
What is the value of -2 + 1 + 2 - 5?
-4
What is 0 + 1 + (-4 - 2)?
-5
Calculate 1 - -3 - ((-7 - 0) + 13).
-2
Calculate -8 - (-29 - -16) - (-1 - -5).
1
What is the value of 2 + -9 + 12 - (0 + 11)?
-6
What is the value of (16 - (32 - 22)) + 1 + -7?
0
What is -3 + (2 - 11) - -20?
8
What is 5 + -14 - (-7 - -3)?
-5
What is the value of 2 - (-2 + 2 + -3 - -5)?
0
Evaluate (-5 - -2 - -6) + 0.
3
What is 1 - ((-8 - -3) + 11) - -9?
4
Evaluate ((-1 - 7) + 7 - -5) + 4.
8
What is -8 + 14 + -3 + 2?
5
What is the value of 0 + (-2 - (4 - 6)) + 1?
1
What is -16 + (3 - -10) + (1 - 0)?
-2
(0 - 7) + 7 + 1
1
Calculate 0 + -4 + -125 + 128.
-1
Calculate (7 - -1) + 93 + -93.
8
-2 - 0 - (11 + -12)
-1
Evaluate (19 - 11) + 1 - 9.
0
4 + -3 + 1 + 1
3
3 + (-9 - -3) - -2
-1
Calculate -3 + -1 + -2 + 6.
0
(2 + 0 - (-3 - -3)) + -6
-4
What is the value of 6 + -14 + (-2 - (-10 + 3))?
-3
(-15 - -3) + (-11 - -14 - 2)
-11
Evaluate 0 + 0 + 9 + -13 + 4.
0
(6 - -1) + -64 + 57
0
Evaluate -6 + 4 - 1 - (-1 + 2).
-4
Calculate (4 - 0) + -21 + 16.
-1
1 + 3 - (7 - (-7 - -8))
-2
What is the value of 3 + 11 + 0 + -11?
3
Calculate (-4 - (-6 - -2)) + 2.
2
What is the value of 0 + -6 - -9 - (4 - -1)?
-2
Calculate 8 - (-12 + 13 - 3).
10
What is the value of (-7 - (-6 - (-6 - 0))) + 10?
3
Evaluate -11 - -9 - -14 - 7.
5
What is 0 - (2 - (-4 - -8))?
2
Evaluate (8 - (5 + 1)) + -1.
1
-9 + (1 - 1) - (-7 - -3)
-5
What is the value of -9 + 7 - 1 - -5?
2
Calculate 6 + -5 + 1 - -5.
7
Evaluate 2 - -2 - (-1 + 8 - 7).
4
Calculate 4 + (-1 + 0 - 1) - 2.
0
-5 + (0 - 4 - -8 - 6)
-7
What is the value of -4 + 10 + (-11 - -3)?
-2
Calculate 2 + (-1 - 1 - 5).
-5
Evaluate -16 + 18 + (-2 - (-3 - -